ors of 15516800.
2, 5, 13, 373
List the prime factors of 8761556.
2, 2190389
What are the prime factors of 6887312?
2, 17, 25321
List the prime factors of 660450.
2, 3, 5, 7, 17, 37
What are the prime factors of 465010?
2, 5, 7, 13, 73
List the prime factors of 4320158.
2, 137, 15767
What are the prime factors of 50981?
7, 7283
List the prime factors of 2022004.
2, 505501
List the prime factors of 1518776.
2, 7, 37, 733
What are the prime factors of 644355?
3, 5, 37, 43
What are the prime factors of 19491806?
2, 1091, 8933
What are the prime factors of 1892208?
2, 3, 79, 499
What are the prime factors of 4857922?
2, 23, 105607
List the prime factors of 11321663.
19, 595877
What are the prime factors of 217711?
13, 16747
List the prime factors of 563923.
139, 4057
What are the prime factors of 196948?
2, 53, 929
List the prime factors of 7328732.
2, 1832183
What are the prime factors of 14106579?
3, 197, 23869
List the prime factors of 11621747.
1499, 7753
List the prime factors of 4010760.
2, 3, 5, 13, 857
What are the prime factors of 284603?
11, 25873
What are the prime factors of 3454945?
5, 13, 23, 2311
What are the prime factors of 251546?
2, 29, 4337
What are the prime factors of 618614?
2, 47, 6581
What are the prime factors of 253461?
3, 13, 67, 97
List the prime factors of 437029.
103, 4243
List the prime factors of 1415032.
2, 73, 2423
List the prime factors of 300689.
199, 1511
List the prime factors of 18114528.
2, 3, 188693
List the prime factors of 1170836.
2, 292709
List the prime factors of 2480696.
2, 310087
What are the prime factors of 16587981?
3, 43, 42863
What are the prime factors of 3317935?
5, 663587
List the prime factors of 1887337.
83, 22739
What are the prime factors of 971428?
2, 23, 10559
List the prime factors of 47744.
2, 373
What are the prime factors of 81789?
3, 137, 199
What are the prime factors of 403630?
2, 5, 181, 223
What are the prime factors of 7331255?
5, 1466251
List the prime factors of 616416.
2, 3, 6421
List the prime factors of 31825507.
7, 193, 23557
What are the prime factors of 14086052?
2, 3521513
List the prime factors of 23690912.
2, 7, 29, 521
List the prime factors of 4828774.
2, 19, 83, 1531
List the prime factors of 11702984.
2, 1462873
What are the prime factors of 676769?
97, 6977
What are the prime factors of 90077?
13, 41
List the prime factors of 1214275.
5, 48571
What are the prime factors of 45159?
3, 15053
List the prime factors of 359429.
7, 51347
List the prime factors of 655819.
137, 4787
List the prime factors of 1508839.
101, 14939
List the prime factors of 902438.
2, 107, 4217
What are the prime factors of 18438878?
2, 439, 21001
List the prime factors of 847336.
2, 7, 15131
List the prime factors of 11310861.
3, 3770287
What are the prime factors of 3959239?
19, 191, 1091
List the prime factors of 1346891.
7, 13, 19, 41
What are the prime factors of 324571?
13, 24967
What are the prime factors of 522491?
23, 22717
What are the prime factors of 2897878?
2, 79, 18341
List the prime factors of 904537.
433, 2089
List the prime factors of 2972840.
2, 5, 13, 5717
List the prime factors of 1310167.
43, 30469
What are the prime factors of 918836?
2, 29, 89
List the prime factors of 10722917.
71, 151027
What are the prime factors of 306294?
2, 3, 71, 719
What are the prime factors of 16923308?
2, 23, 183949
What are the prime factors of 2453066?
2, 7, 11, 17, 937
List the prime factors of 7701129.
3, 285227
List the prime factors of 14909220.
2, 3, 5, 113, 733
What are the prime factors of 1341965?
5, 311, 863
List the prime factors of 134261.
31, 61, 71
List the prime factors of 238464.
2, 3, 23
What are the prime factors of 2439355?
5, 59, 8269
List the prime factors of 963747.
3, 17, 6299
What are the prime factors of 99838?
2, 49919
What are the prime factors of 12458370?
2, 3, 5, 71, 5849
What are the prime factors of 4221564?
2, 3, 351797
List the prime factors of 117052.
2, 13, 2251
List the prime factors of 10566565.
5, 19, 111227
What are the prime factors of 446138?
2, 7, 11, 2897
What are the prime factors of 96972?
2, 3, 8081
List the prime factors of 696233.
23, 30271
List the prime factors of 307717.
17, 23, 787
List the prime factors of 3884875.
5, 31079
List the prime factors of 6941416.
2, 867677
List the prime factors of 690738.
2, 3, 115123
List the prime factors of 5387302.
2, 2693651
List the prime factors of 2994060.
2, 3, 5, 139, 359
What are the prime factors of 114262?
2, 57131
List the prime factors of 146336.
2, 17, 269
What are the prime factors of 2830731?
3, 193, 4889
List the prime factors of 23808752.
2, 11, 135277
List the prime factors of 238499.
238499
What are the prime factors of 418004?
2, 31, 3371
What are the prime factors of 96194?
2, 7, 6871
What are the prime factors of 1392381?
3, 71, 2179
List the prime factors of 1701413.
7, 89, 2731
List the prime factors of 2626340.
2, 5, 131317
What are the prime factors of 357742?
2, 7, 11, 23, 101
List the prime factors of 5742678.
2, 3, 179, 5347
What are the prime factors of 109802?
2, 7, 11, 23, 31
What are the prime factors of 144802?
2, 7, 10343
What are the prime factors of 1846515?
3, 5, 11, 19, 31
What are the prime factors of 149271?
3, 49757
List the prime factors of 9813260.
2, 5, 490663
What are the prime factors of 406657?
17, 19, 1259
What are the prime factors of 114658?
2, 57329
List the prime factors of 1998377.
631, 3167
What are the prime factors of 9821165?
5, 53, 37061
What are the prime factors of 3000587?
229, 13103
List the prime factors of 281210.
2, 5, 61, 461
What are the prime factors of 303992?
2, 13, 37, 79
List the prime factors of 9342467.
73, 127979
List the prime factors of 65891.
7, 9413
What are the prime factors of 1177049?
887, 1327
List the prime factors of 201135.
3, 5, 11, 23, 53
List the prime factors of 12212952.
2, 3, 83, 6131
What are the prime factors of 357608?
2, 44701
List the prime factors of 34793150.
2, 5, 7, 99409
List the prime factors of 1490162.
2, 331, 2251
What are the prime factors of 1627731?
3, 7, 3691
What are the prime factors of 250479?
3, 9277
List the prime factors of 21568254.
2, 3, 1087, 3307
List the prime factors of 290542.
2, 7, 20753
What are the prime factors of 42744?
2, 3, 13, 137
List the prime factors of 903456.
2, 3, 3137
List the prime factors of 1011996.
2, 3, 28111
List the prime factors of 1581410.
2, 5, 158141
List the prime factors of 10648202.
2, 59, 90239
What are the prime factors of 1118658?
2, 3, 37, 5039
List the prime factors of 12794462.
2, 89, 71879
List the prime factors of 4751594.
2, 2375797
List the prime factors of 1424864.
2, 7, 6361
What are the prime factors of 17913948?
2, 3, 13, 114833
List the prime factors of 404977.
404977
What are the prime factors of 3154988?
2, 19, 41513
What are the prime factors of 1379339?
13, 106103
List the prime factors of 449810.
2, 5, 31, 1451
List the prime factors of 1172181.
3, 390727
What are the prime factors of 13539475?
5, 541579
What are the prime factors of 11771739?
3, 7, 59, 3167
What are the prime factors of 157124?
2, 11, 3571
List the prime factors of 831361.
831361
What are the prime factors of 25975?
5, 1039
What are the prime factors of 134805?
3, 5, 11, 19, 43
List the prime factors of 509113.
11, 31, 1493
What are the prime factors of 68083?
103, 661
What are the prime factors of 6058031?
7, 307, 2819
What are the prime factors of 243291?
3, 81097
List the prime factors of 3888263.
47, 82729
List the prime factors of 132557.
71, 1867
What are the prime factors of 316588?
2, 79147
List the prime factors of 136184.
2, 29, 587
List the prime factors of 45892.
2, 7, 11, 149
List the prime factors of 2626693.
19, 138247
List the prime factors of 20562917.
61, 337097
What are the prime factors of 7333307?
17, 101, 4271
What are the prime factors of 100914?
2, 3, 11, 139
What are the prime factors of 1154861?
17, 67933
What are the prime factors of 21897625?
5, 31, 5651
List the prime factors of 205889.
227, 907
List the prime factors of 96276.
2, 3, 71, 113
List the prime factors of 1787114.
2, 7, 107, 1193
List the prime factors of 8171419.
43, 307, 619
What are the prime factors of 343867?
41, 8387
List the prime factors of 198276.
2, 3, 13, 31